remainder when 183341 is divided by 315?
11
What is the remainder when 535426 is divided by 9?
7
Calculate the remainder when 21119 is divided by 21055.
64
What is the remainder when 136065 is divided by 68?
65
What is the remainder when 723 is divided by 60?
3
Calculate the remainder when 7804 is divided by 107.
100
Calculate the remainder when 10495 is divided by 136.
23
Calculate the remainder when 5113 is divided by 5083.
30
Calculate the remainder when 807 is divided by 224.
135
What is the remainder when 11005 is divided by 1368?
61
Calculate the remainder when 1492 is divided by 733.
26
What is the remainder when 3825 is divided by 1790?
245
Calculate the remainder when 100262 is divided by 6256.
166
Calculate the remainder when 888579 is divided by 385.
384
What is the remainder when 69848 is divided by 34919?
10
What is the remainder when 1524520 is divided by 57?
55
What is the remainder when 814 is divided by 249?
67
Calculate the remainder when 58332 is divided by 478.
16
What is the remainder when 74031 is divided by 65?
61
What is the remainder when 25935 is divided by 14?
7
What is the remainder when 1896 is divided by 997?
899
What is the remainder when 8582 is divided by 882?
644
What is the remainder when 366244 is divided by 250?
244
What is the remainder when 8742 is divided by 11?
8
Calculate the remainder when 251179 is divided by 20.
19
What is the remainder when 47115 is divided by 124?
119
Calculate the remainder when 1126257 is divided by 13.
2
Calculate the remainder when 14999 is divided by 120.
119
What is the remainder when 1169983 is divided by 2653?
10
Calculate the remainder when 8373 is divided by 118.
113
What is the remainder when 712 is divided by 343?
26
What is the remainder when 8012 is divided by 61?
21
Calculate the remainder when 2780 is divided by 332.
124
Calculate the remainder when 8155 is divided by 106.
99
Calculate the remainder when 225247 is divided by 16.
15
What is the remainder when 778996 is divided by 74?
72
Calculate the remainder when 220590 is divided by 16.
14
What is the remainder when 15708 is divided by 291?
285
Calculate the remainder when 15701 is divided by 1037.
146
Calculate the remainder when 934 is divided by 171.
79
Calculate the remainder when 2374 is divided by 168.
22
What is the remainder when 54159 is divided by 40?
39
What is the remainder when 854 is divided by 10?
4
Calculate the remainder when 8221 is divided by 8192.
29
What is the remainder when 949 is divided by 294?
67
Calculate the remainder when 151492 is divided by 7973.
5
Calculate the remainder when 6232 is divided by 231.
226
Calculate the remainder when 347540 is divided by 26.
24
Calculate the remainder when 21898 is divided by 20.
18
Calculate the remainder when 364193 is divided by 182082.
29
What is the remainder when 24580 is divided by 325?
205
Calculate the remainder when 4392 is divided by 400.
392
What is the remainder when 13036 is divided by 1618?
92
What is the remainder when 765 is divided by 121?
39
Calculate the remainder when 17941 is divided by 2940.
301
What is the remainder when 5643 is divided by 227?
195
Calculate the remainder when 8964 is divided by 567.
459
Calculate the remainder when 63132 is divided by 311.
310
Calculate the remainder when 2353 is divided by 147.
1
What is the remainder when 1536 is divided by 180?
96
Calculate the remainder when 7671 is divided by 638.
15
Calculate the remainder when 1416 is divided by 79.
73
What is the remainder when 159188 is divided by 31837?
3
What is the remainder when 5847 is divided by 676?
439
What is the remainder when 13968 is divided by 2323?
30
Calculate the remainder when 39585 is divided by 186.
153
What is the remainder when 1393275 is divided by 140?
135
Calculate the remainder when 160629 is divided by 29.
27
What is the remainder when 2227 is divided by 94?
65
Calculate the remainder when 6783 is divided by 961.
56
Calculate the remainder when 44245 is divided by 205.
170
Calculate the remainder when 77377 is divided by 332.
21
Calculate the remainder when 190866 is divided by 36.
30
What is the remainder when 102964 is divided by 262?
260
What is the remainder when 206192 is divided by 12128?
16
Calculate the remainder when 67735 is divided by 225.
10
Calculate the remainder when 2621 is divided by 1227.
167
Calculate the remainder when 120768 is divided by 24.
0
Calculate the remainder when 1148499 is divided by 1148491.
8
Calculate the remainder when 17087 is divided by 285.
272
What is the remainder when 6568 is divided by 135?
88
What is the remainder when 2910 is divided by 109?
76
What is the remainder when 387 is divided by 101?
84
Calculate the remainder when 37499 is divided by 125.
124
Calculate the remainder when 3149 is divided by 1569.
11
What is the remainder when 8457 is divided by 235?
232
What is the remainder when 3197410 is divided by 119?
118
What is the remainder when 51052 is divided by 1418?
4
Calculate the remainder when 16812 is divided by 141.
33
Calculate the remainder when 91585 is divided by 44.
21
Calculate the remainder when 15457 is divided by 84.
1
What is the remainder when 4363 is divided by 37?
34
Calculate the remainder when 1274998 is divided by 75.
73
What is the remainder when 124228 is divided by 424?
420
What is the remainder when 2037 is divided by 340?
337
Calculate the remainder when 87568 is divided by 834.
832
Calculate the remainder when 1472202 is divided by 73.
11
What is the remainder when 16854 is divided by 359?
340
What is the remainder when 6109 is divided by 114?
67
Calculate the remainder when 4003869 is divided by 19.
18
Calculate the remainder when 364554 is divided by 59.
52
What is the remainder when 17393 is divided by 242?
211
What is the remainder when 5735 is divided by 4?
3
What is the remainder when 600729 is divided by 333?
330
What is the remainder when 10295 is divided by 4?
3
Calculate the remainder when 13041 is divided by 3753.
1782
What is the remainder when 44933 is divided by 144?
5
Calculate the remainder when 8865 is divided by 143.
142
What is the remainder when 10047 is divided by 1002?
27
What is the remainder when 26426 is divided by 587?
11
Calculate the remainder when 1446154 is divided by 1446154.
0
Calculate the remainder when 631173 is divided by 157789.
17
Calculate the remainder when 8599 is divided by 1712.
39
What is the remainder when 529661 is divided by 64?
61
Calculate the remainder when 12837 is divided by 1833.
6
Calculate the remainder when 8402 is divided by 700.
2
What is the remainder when 766 is divided by 241?
43
Calculate the remainder when 6418 is divided by 2123.
49
Calculate the remainder when 5881 is divided by 2566.
749
What is the remainder when 10549 is divided by 13?
6
What is the remainder when 113442 is divided by 68?
18
Calculate the remainder when 45324 is divided by 121.
70
Calculate the remainder when 107155 is divided by 139.
125
Calculate the remainder when 10453 is divided by 44.
25
Calculate the remainder when 1914 is divided by 859.
196
What is the remainder when 29812 is divided by 2784?
1972
Calculate the remainder when 57229 is divided by 2193.
211
What is the remainder when 553 is divided by 106?
23
What is the remainder when 4753 is divided by 598?
567
What is the remainder when 1820 is divided by 493?
341
What is the remainder when 9174 is divided by 9124?
50
Calculate the remainder when 6106 is divided by 222.
112
What is the remainder when 17113 is divided by 1139?
28
Calculate the remainder when 1829 is divided by 52.
9
Calculate the remainder when 446799 is divided by 446798.
1
What is the remainder when 1450 is divided by 93?
55
What is the remainder when 3541 is divided by 1084?
289
Calculate the remainder when 3805 is divided by 16.
13
Calculate the remainder when 400650 is divided by 33.
30
What is the remainder when 4893 is divided by 1215?
33
Calculate the remainder when 56299 is divided by 147.
145
Calculate the remainder when 11965 is divided by 747.
13
Calculate the remainder when 118419 is divided by 213.
204
Calculate the remainder when 51865 is divided by 153.
151
What is the remainder when 627318 is divided by 11?
10
What is the remainder when 77182 is divided by 12?
10
What